{"id":964,"date":"2022-05-10T09:40:01","date_gmt":"2022-05-10T09:40:01","guid":{"rendered":"https:\/\/www.immaginarierratici.it\/?page_id=964"},"modified":"2026-05-14T16:21:20","modified_gmt":"2026-05-14T16:21:20","slug":"cinema-e-cibo-%c2%b7","status":"publish","type":"page","link":"https:\/\/www.immaginarierratici.it\/?page_id=964","title":{"rendered":"IL CINEMA SI SIEDE A TAVOLA: LE PRATICHE ALIMENTARI NELL&#8217;ITALIA DEL &#8216;900 ATTRAVERSO I FILM"},"content":{"rendered":"\n<p>&#8212;\u201cIl cinema ha cominciato a mangiare e non si \u00e8 fermato pi\u00f9, inghiottendo i nostri pasti, appetitosi o difficoltosi che fossero, e restituendoli su uno schermo\u201d [Fabio Ferzetti]<\/p>\n\n\n\n<p>Una storia antica, che parte da &#8220;Le repas du b\u00e9b\u00e9&#8221; dei Lumi\u00e8re e dai giochi di prestigio di M\u00e8li\u00e8s ne &#8220;La sorcellerie culinaire&#8221;, con i locali adibiti alla preparazione dei cibi e al loro consumo che si trasformano in teatri di fantastiche magie.<\/p>\n\n\n\n<p>Probabilmente non c\u2019\u00e8 un solo film in cui non compaia un alimento, un piatto, una tavola apparecchiata; pi\u00f9 spesso con il cibo come \u201ccaratterista\u201d, talvolta come \u201cprotagonista\u201d (\u201cLa grande abbuffata\u201d); una presenza che schiude scenari diversificati tra film realisti che segnalano il dramma della fame, film raffinati che prevedono l\u2019ostensione di cibi prelibati, film robusti che fanno riferimento ad alimenti propri della tradizione culinaria popolare ecc.<\/p>\n\n\n\n<p>La rappresentazione del cibo e delle sue ritualit\u00e0 evidenzia le potenzialit\u00e0 espressive, narrative e drammaturgiche del cinema; ed \u00e8 attraverso il differenziarsi delle diverse &#8220;tavole&#8221; (luoghi privati e pubblici, situazioni, ritualit\u00e0, comportamenti, consuetudini alimentari ecc.) che vengono individuate e segnalate dinamiche sociali di superficie e implicazioni pi\u00f9 profonde.<\/p>\n\n\n\n<p><font _mstmutation=\"1\" _msthash=\"1032054\" _msttexthash=\"19734\" _istranslated=\"1\"><\/font><\/p>\n\n\n\n<p><\/p>\n\n\n\n<p><font _mstmutation=\"1\" _msthash=\"1032044\"><\/font><\/p>\n\n\n\n<figure class=\"wp-block-image size-large\"><a href=\"https:\/\/www.immaginarierratici.it\/wp-content\/uploads\/2022\/05\/cibo.jpg\"><img loading=\"lazy\" decoding=\"async\" width=\"700\" height=\"466\" src=\"https:\/\/www.immaginarierratici.it\/wp-content\/uploads\/2022\/05\/cibo-700x466.jpg\" alt=\"\" class=\"wp-image-962\" srcset=\"https:\/\/www.immaginarierratici.it\/wp-content\/uploads\/2022\/05\/cibo-700x466.jpg 700w, https:\/\/www.immaginarierratici.it\/wp-content\/uploads\/2022\/05\/cibo-300x200.jpg 300w, https:\/\/www.immaginarierratici.it\/wp-content\/uploads\/2022\/05\/cibo-768x511.jpg 768w, https:\/\/www.immaginarierratici.it\/wp-content\/uploads\/2022\/05\/cibo-800x533.jpg 800w, https:\/\/www.immaginarierratici.it\/wp-content\/uploads\/2022\/05\/cibo.jpg 1298w\" sizes=\"auto, (max-width: 700px) 100vw, 700px\" \/><\/a><figcaption class=\"wp-element-caption\"><font _mstmutation=\"1\" _msthash=\"727974\"><\/font><\/figcaption><\/figure>\n","protected":false},"excerpt":{"rendered":"<p>&#8212;\u201cIl cinema ha cominciato a mangiare e non si \u00e8 fermato pi\u00f9, inghiottendo i nostri pasti, appetitosi o difficoltosi che fossero, e restituendoli su uno schermo\u201d [Fabio Ferzetti] Una storia antica, che parte da &#8220;Le repas du b\u00e9b\u00e9&#8221; dei Lumi\u00e8re e dai giochi di prestigio di M\u00e8li\u00e8s ne &#8220;La sorcellerie culinaire&#8221;, con i locali adibiti&#8230;<\/p>\n","protected":false},"author":3,"featured_media":0,"parent":0,"menu_order":0,"comment_status":"closed","ping_status":"closed","template":"nosidebar.php","meta":{"footnotes":""},"class_list":["post-964","page","type-page","status-publish","hentry"],"_links":{"self":[{"href":"https:\/\/www.immaginarierratici.it\/index.php?rest_route=\/wp\/v2\/pages\/964","targetHints":{"allow":["GET"]}}],"collection":[{"href":"https:\/\/www.immaginarierratici.it\/index.php?rest_route=\/wp\/v2\/pages"}],"about":[{"href":"https:\/\/www.immaginarierratici.it\/index.php?rest_route=\/wp\/v2\/types\/page"}],"author":[{"embeddable":true,"href":"https:\/\/www.immaginarierratici.it\/index.php?rest_route=\/wp\/v2\/users\/3"}],"replies":[{"embeddable":true,"href":"https:\/\/www.immaginarierratici.it\/index.php?rest_route=%2Fwp%2Fv2%2Fcomments&post=964"}],"version-history":[{"count":6,"href":"https:\/\/www.immaginarierratici.it\/index.php?rest_route=\/wp\/v2\/pages\/964\/revisions"}],"predecessor-version":[{"id":1268,"href":"https:\/\/www.immaginarierratici.it\/index.php?rest_route=\/wp\/v2\/pages\/964\/revisions\/1268"}],"wp:attachment":[{"href":"https:\/\/www.immaginarierratici.it\/index.php?rest_route=%2Fwp%2Fv2%2Fmedia&parent=964"}],"curies":[{"name":"wp","href":"https:\/\/api.w.org\/{rel}","templated":true}]}}